{"id":4003,"date":"2022-08-22T17:45:50","date_gmt":"2022-08-22T21:45:50","guid":{"rendered":"https:\/\/deptest.nj.gov\/dwq\/?page_id=4003"},"modified":"2025-03-21T13:15:10","modified_gmt":"2025-03-21T17:15:10","slug":"community-involvement","status":"publish","type":"page","link":"https:\/\/deptest.nj.gov\/dwq\/combined-sewer-overflow\/community-involvement\/","title":{"rendered":"Public Engagement"},"content":{"rendered":"<p>[vc_row css=&#8221;.vc_custom_1682959692071{margin-top: 12pt !important;}&#8221;][vc_column][vc_column_text]<\/p>\n<h1>Public Engagement<\/h1>\n<p>[\/vc_column_text][\/vc_column][\/vc_row][vc_row][vc_column][breadcrumb-shortcode][vc_column_text]<\/p>\n<h3>Stakeholder Engagement<\/h3>\n<p>[\/vc_column_text][vc_column_text css=&#8221;&#8221;]CSO permittees are required to conduct a public engagement process to inform, educate and engage members of the community. The NJPDES CSO permits require active public outreach and engagement during the implementation and construction of the CSO LTCP projects. Through public engagement, the interested public may provide input on the location of green infrastructure (GI) projects in their community. In addition, members of the community may be invited to join a Supplemental CSO Team to serve as a liaison between the interested public and the decision makers for the CSO permittees.[\/vc_column_text][\/vc_column][\/vc_row][vc_row css=&#8221;.vc_custom_1683050286921{margin-bottom: 25px !important;}&#8221;][vc_column][info-box-shortcode title=&#8221;CSO Public Hearings&#8221; buttontitle=&#8221;Read more&#8221; buttonlink=&#8221;https:\/\/deptest.nj.gov\/dwq\/combined-sewer-overflow\/community-involvement\/cso-public-hearings\/&#8221;]The NJDEP holds public hearings to provide an opportunity for interested members of the public and affected communities to be heard on proposed CSO Draft permit actions.[\/info-box-shortcode][\/vc_column][\/vc_row][vc_row el_id=&#8221;stakeholderengagement&#8221;][vc_column][vc_column_text css=&#8221;&#8221;]<\/p>\n<div class=\"wpb_text_column wpb_content_element \">\n<div class=\"wpb_wrapper\">\n<h5 style=\"text-align: left\">Final CSO Public Engagement Guidance<\/h5>\n<p style=\"text-align: left\">On June 27, 2023, the Department issued a Draft CSO Public Engagement Guidance document to collect input from the interested public. A virtual stakeholder meeting occurred on Wednesday, July 19, 2023 where oral feedback was received. Written feedback was also received through July 28, 2023. A revised November 1, 2023 Draft CSO Public Engagement Guidance document was prepared and an additional virtual stakeholder meeting occurred on Tuesday, November 28, 2023 to discussed the revised document and receive oral feedback. Written feedback was also received through December 11, 2023. The January 5, 2024 Final CSO Public Engagement Guidance is now available and a downloadable version of the document can be found below.<\/p>\n<p>&nbsp;<\/p>\n<\/div>\n<p>The January 5, 2024 Final CSO Public Engagement Guidance document can be downloaded here:<\/p>\n<ul class=\"list-group\">\n<li class=\"list-group-item\"><a href=\"https:\/\/deptest.nj.gov\/dwq\/wp-content\/uploads\/sites\/20\/a_guide_to_cso_public_engagement_final_jan2024.pdf\" target=\"_blank\" rel=\"noopener\">A Guide to CSO Public Engagement &#8211; Final <i class=\"fas fa-file-pdf text-danger\" title=\"Adobe Acrobat PDF file\"><\/i><\/a><\/li>\n<\/ul>\n<div class=\"wpb_wrapper\">\n<p>&nbsp;<\/p>\n<h5>Stakeholder Meetings<\/h5>\n<p>The NJDEP hosted a series of stakeholder meetings to discuss the CSO renewal permit requirements for public engagement, environmental justice, climate change and metrics. Below are the agendas.<\/p>\n<ul class=\"list-group\">\n<li class=\"list-group-item\"><a href=\"https:\/\/deptest.nj.gov\/dwq\/wp-content\/uploads\/sites\/20\/pdf\/cso\/stakeholder_meeting_revised_draft_cso_guidance_presentation_11.28.23.pdf\" target=\"_blank\" rel=\"noopener\">Public Engagement &#8211; Stakeholder Meeting, November 28, 2023 {Presentation} <\/a><\/li>\n<li class=\"list-group-item\"><a href=\"https:\/\/deptest.nj.gov\/dwq\/wp-content\/uploads\/sites\/20\/pdf\/cso\/stakeholder_meeting_draft_cso_guidance_presentation_7.19.2023.pdf\" target=\"_blank\" rel=\"noopener\">Public Engagement &#8211; Stakeholder Meeting, July 19, 2023 {Presentation} <\/a><\/li>\n<li class=\"list-group-item\"><a href=\"https:\/\/deptest.nj.gov\/dwq\/wp-content\/uploads\/sites\/20\/cso-stakeholder-mtg-10-06-2022-final.pdf\" target=\"_blank\" rel=\"noopener\">Permit Concepts &#8211; Stakeholder Meeting, October 6, 2022 {Presentation} <\/a><\/li>\n<li class=\"list-group-item\"><a href=\"https:\/\/deptest.nj.gov\/dwq\/wp-content\/uploads\/sites\/20\/pdf\/cso\/cso_stakeholder_agenda_metrics_2.17.22.pdf\" target=\"_blank\" rel=\"noopener\">Metrics &#8211; Stakeholder Meeting, February 17, 2022 {Agenda} <\/a><\/li>\n<li class=\"list-group-item\"><a href=\"https:\/\/deptest.nj.gov\/dwq\/wp-content\/uploads\/sites\/20\/pdf\/cso\/cso_stakeholder_agenda_climate_change_2.10.22.pdf\" target=\"_blank\" rel=\"noopener\">Climate Change &#8211; Stakeholder Meeting, February 10, 2022 {Agenda} <\/a><\/li>\n<li class=\"list-group-item\"><a href=\"https:\/\/deptest.nj.gov\/dwq\/wp-content\/uploads\/sites\/20\/pdf\/cso\/cso_stakeholder_agenda_environmental_justice_1.13.22.pdf\" target=\"_blank\" rel=\"noopener\">Environmental Justice &#8211; Stakeholder Meeting, January 13, 2022 {Agenda} <\/a><\/li>\n<li class=\"list-group-item\"><a href=\"https:\/\/deptest.nj.gov\/dwq\/wp-content\/uploads\/sites\/20\/pdf\/cso\/cso_stakeholder_meeting_agenda.pdf\" target=\"_blank\" rel=\"noopener\">Public Engagement &#8211; Stakeholder Meeting, December 7, 2021 {Agenda} <\/a><\/li>\n<\/ul>\n<\/div>\n<\/div>\n<h5>Stakeholder Questionnaire<\/h5>\n<p>The NJDEP distributed a stakeholder feedback questionnaire. Below is the questionnaire and the responses.<\/p>\n<ul class=\"list-group\">\n<li class=\"list-group-item\"><a href=\"https:\/\/deptest.nj.gov\/dwq\/wp-content\/uploads\/sites\/20\/pdf\/cso\/cso_stakeholder_questionnaire.pdf\" target=\"_blank\" rel=\"noopener\">CSO Stakeholder Questionnaire <i class=\"fas fa-file-pdf text-danger\" title=\"Adobe Acrobat PDF file\"><\/i><\/a><\/li>\n<li class=\"list-group-item\"><a href=\"https:\/\/deptest.nj.gov\/dwq\/wp-content\/uploads\/sites\/20\/pdf\/cso\/cso_stakeholder_questionnaire_responses_ccmua.pdf\" target=\"_blank\" rel=\"noopener\">Response \u2013 Camden County MUA <i class=\"fas fa-file-pdf text-danger\" title=\"Adobe Acrobat PDF file\"><\/i><\/a><\/li>\n<li class=\"list-group-item\"><a href=\"https:\/\/deptest.nj.gov\/dwq\/wp-content\/uploads\/sites\/20\/pdf\/cso\/cso_stakeholder_questionnaire_response_community_church_hoboken.pdf\" target=\"_blank\" rel=\"noopener\">Response \u2013 Community Church of Hoboken <i class=\"fas fa-file-pdf text-danger\" title=\"Adobe Acrobat PDF file\"><\/i><\/a><\/li>\n<li class=\"list-group-item\"><a href=\"https:\/\/deptest.nj.gov\/dwq\/wp-content\/uploads\/sites\/20\/pdf\/cso\/cso_stakeholder_questionnaire_responses_jww_subcommittee.pdf\" target=\"_blank\" rel=\"noopener\">Response \u2013 Jersey Water Works \u2013 CSO Committee \u2013 LTCP Implementation Subcommittee <i class=\"fas fa-file-pdf text-danger\" title=\"Adobe Acrobat PDF file\"><\/i><\/a><\/li>\n<li class=\"list-group-item\"><a href=\"https:\/\/deptest.nj.gov\/dwq\/wp-content\/uploads\/sites\/20\/pdf\/cso\/cso_stakeholder_questionnaire_responses_mpna.pdf\" target=\"_blank\" rel=\"noopener\">Response \u2013 Morris Park Neighborhood Association <i class=\"fas fa-file-pdf text-danger\" title=\"Adobe Acrobat PDF file\"><\/i><\/a><\/li>\n<li class=\"list-group-item\"><a href=\"https:\/\/deptest.nj.gov\/dwq\/wp-content\/uploads\/sites\/20\/pdf\/cso\/cso_stakeholder_questionnaire_responses_new_jersey_future.pdf\" target=\"_blank\" rel=\"noopener\">Response \u2013 New Jersey Future <i class=\"fas fa-file-pdf text-danger\" title=\"Adobe Acrobat PDF file\"><\/i><\/a><\/li>\n<li class=\"list-group-item\"><a href=\"https:\/\/deptest.nj.gov\/dwq\/wp-content\/uploads\/sites\/20\/pdf\/cso\/cso_stakeholder_questionnaire_responses_north_hudson_sewerage_authority.pdf\" target=\"_blank\" rel=\"noopener\">Response \u2013 North Hudson Sewerage Authority <i class=\"fas fa-file-pdf text-danger\" title=\"Adobe Acrobat PDF file\"><\/i><\/a><\/li>\n<li class=\"list-group-item\"><a href=\"https:\/\/deptest.nj.gov\/dwq\/wp-content\/uploads\/sites\/20\/pdf\/cso\/cso_stakeholder_questionnaire_responses_njeja.pdf\" target=\"_blank\" rel=\"noopener\">Response \u2013 New Jersey Environmental Justice Alliance <i class=\"fas fa-file-pdf text-danger\" title=\"Adobe Acrobat PDF file\"><\/i><\/a><\/li>\n<li class=\"list-group-item\"><a href=\"https:\/\/deptest.nj.gov\/dwq\/wp-content\/uploads\/sites\/20\/pdf\/cso\/cso_stakeholder_questionnaire_responses_nj_cso_group.pdf\" target=\"_blank\" rel=\"noopener\">Response \u2013 NJ CSO Group <i class=\"fas fa-file-pdf text-danger\" title=\"Adobe Acrobat PDF file\"><\/i><\/a><\/li>\n<li class=\"list-group-item\"><a href=\"https:\/\/deptest.nj.gov\/dwq\/wp-content\/uploads\/sites\/20\/pdf\/cso\/cso_stakeholder_questionnaire_responses_sewage_free_streets_and_rivers.pdf\" target=\"_blank\" rel=\"noopener\">Response \u2013 Sewage-Free Streets and Rivers <i class=\"fas fa-file-pdf text-danger\" title=\"Adobe Acrobat PDF file\"><\/i><\/a><\/li>\n<\/ul>\n<div class=\"wpb_text_column wpb_content_element \">\n<div class=\"wpb_wrapper\">\n<p>&nbsp;<\/p>\n<h5>Additional Feedback<\/h5>\n<p>The NJDEP received letters regarding the technical reviews of the LTCPs. Below are the letters.<\/p>\n<ul class=\"list-group\">\n<li class=\"list-group-item\"><a href=\"https:\/\/deptest.nj.gov\/dwq\/wp-content\/uploads\/sites\/20\/pdf\/cso\/cso_stakeholder_comments_committee_letter_on_ltcp_technical.pdf\" target=\"_blank\" rel=\"noopener\">Comments \u2013 Jersey Water Works CSO Committee <i class=\"fas fa-file-pdf text-danger\" title=\"Adobe Acrobat PDF file\"><\/i><\/a><\/li>\n<li class=\"list-group-item\"><a href=\"https:\/\/deptest.nj.gov\/dwq\/wp-content\/uploads\/sites\/20\/pdf\/cso\/cso_stakeholder_comments_prc_paterson_ltcp_selected_alternatives_njdep.pdf\" target=\"_blank\" rel=\"noopener\">Comments \u2013 Passaic River Coalition <i class=\"fas fa-file-pdf text-danger\" title=\"Adobe Acrobat PDF file\"><\/i><\/a><\/li>\n<li class=\"list-group-item\"><a href=\"https:\/\/deptest.nj.gov\/dwq\/wp-content\/uploads\/sites\/20\/pdf\/cso\/cso_stakeholder_comments_sfsr_njdep_response_letter.pdf\" target=\"_blank\" rel=\"noopener\">Comments \u2013 Sewage-Free Streets and Rivers <i class=\"fas fa-file-pdf text-danger\" title=\"Adobe Acrobat PDF file\"><\/i><\/a><\/li>\n<\/ul>\n<\/div>\n<\/div>\n<p>[\/vc_column_text][vc_row_inner disable_element=&#8221;yes&#8221;][vc_column_inner width=&#8221;1\/2&#8243;][vc_column_text]<strong>Second Stakeholder Meeting (November 28, 2023 2pm) for Revised Draft CSO Public Engagement Guidance<\/strong><\/p>\n<p>On June 27, 2023, the Department issued a Draft CSO Public Engagement Guidance document to collect input from the interested public. A virtual stakeholder meeting occurred on Wednesday, July 19, 2023 at 2pm where oral comments were received. Written comments were also received through July 28, 2023 . A revised November 1, 2023 Draft CSO Public Engagement Guidance document has been prepared. This meeting will discuss the revised document. See below for a link to the revised document. The November 28, 2023 2pm meeting will be conducted virtually via the NJDEP\u2019s video conferencing software (i.e., Microsoft Teams) in English and Spanish. A link\/phone number has been provided below.\u00a0 <strong><u>NOTE:<\/u><\/strong> The link below will take you to the meeting.[\/vc_column_text][vc_raw_html]JTNDZGl2JTIwYWxpZ24lM0QlMjJjZW50ZXIlMjIlM0UlM0NzdHJvbmclM0UlM0NiciUzRSUzQ2JyJTNFTm92ZW1iZXIlMjAyOCUyQyUyMDIwMjMlMjBTdGFrZWhvbGRlciUyME1lZXRpbmclM0MlMkZzdHJvbmclM0UlM0NiciUzRSUwQSUwOSUwOSUwOSUwOSUwOSUwOSUwOSUwOSUwOSUwOSUwOSUwOSUwOSUwOSUwOSUwOVN0YXJ0JTIwVGltZSUzQSUyMCUyMDIlM0EwMCUyMHBtJTNDYnIlM0UlMEElMDklMDklMDklMDklMDklMDklMDklMDklMDklMDklMDklMDklMDklMDklMDklMDlFbmQlMjBUaW1lJTNBJTIwJTIwNCUzQTAwJTIwcG0lM0NiciUzRSUzQ2JyJTNFJTBBJTIwJTIwJTIwJTIwJTIwJTIwJTA5JTA5JTA5JTA5JTA5JTA5JTA5JTNDYnV0dG9uJTIwb25jbGljayUzRCUyMndpbmRvdy5sb2NhdGlvbi5ocmVmJTIwJTNEJTIwJTI3aHR0cHMlM0ElMkYlMkZ0ZWFtcy5taWNyb3NvZnQuY29tJTJGbCUyRm1lZXR1cC1qb2luJTJGMTklMjUzYW1lZXRpbmdfTkRCbU1tSmpPR1V0Tm1Fd05TMDBNek14TFRneE5qTXRORE5qTmpBd05HUmlOelJrJTI1NDB0aHJlYWQudjIlMkYwJTNGY29udGV4dCUzRCUyNTdiJTI1MjJUaWQlMjUyMiUyNTNhJTI1MjI1MDc2YzNkMS0zODAyLTRiOWYtYjM2YS1lMGE0MWJkNjQyYTclMjUyMiUyNTJjJTI1MjJPaWQlMjUyMiUyNTNhJTI1MjJiYzMwZWVjNy00NzkyLTQyZWYtODVjNy0xYjhkY2Q5YmU3MzElMjUyMiUyNTdkJTI3JTIyJTNFJTNDc3Ryb25nJTNFSm9pbiUyMHRoZSUyME1lZXRpbmclM0MlMkZzdHJvbmclM0UlM0MlMkZidXR0b24lM0UlMEElMDklMDklMDklMDklMDklMDklMDklMDklM0NiciUzRSUwQSUwOSUwOSUwOSUwOSUwOSUwOSUwOSUwOSUzQ2JyJTNFJTBBJTA5JTA5JTA5JTA5JTA5JTA5JTA5JTA5JTNDc3Ryb25nJTNFTWVldGluZyUyMElEJTNBJTNDJTJGc3Ryb25nJTNFJTIwMjcxJTIwOTg0JTIwMzM0JTIwNzk1JTNDYnIlM0UlMjAlMEElMDklMDklMDklMDklMDklMDklMDklMDklM0NzdHJvbmclM0VQYXNzY29kZSUzQSUzQyUyRnN0cm9uZyUzRSUyMExvbzJWeCUzQ2JyJTNFJTBBJTA5JTA5JTA5JTA5JTA5JTA5JTA5JTA5JTNDYnIlM0UlMEElMDklMDklMDklMDklMDklMDklMDklMDklM0NzdHJvbmclM0VPUiUzQyUyRnN0cm9uZyUzRSUzQ2JyJTNFJTBBJTA5JTA5JTA5JTA5JTA5JTA5JTA5JTA5JTNDYnIlM0UlMEElMDklMDklMDklMDklMDklMDklMDklMDklM0NzdHJvbmclM0VDYWxsLUluJTIwTnVtYmVyJTNBJTNDJTJGc3Ryb25nJTNFJTIwODU2LTMzOC03MDc0JTIwJTNDYnIlM0UlMEElMDklMDklMDklMDklMDklMDklMDklMDklM0NzdHJvbmclM0VQaG9uZSUyMENvbmZlcmVuY2UlMjBJRCUzQSUzQyUyRnN0cm9uZyUzRSUyMDI2NCUyMDY2NSUyMDMxOCUyMyUzQ2JyJTNFJTBBJTA5JTIwJTIwJTA5JTA5JTA5JTA5JTA5JTA5JTA5JTNDJTJGZGl2JTNF[\/vc_raw_html][\/vc_column_inner][vc_column_inner width=&#8221;1\/2&#8243;][vc_column_text]<strong>Segunda Reuni\u00f3n de partes interesadas (28 de noviembre de 2023, 2pm) para el borrador revisado de la gu\u00eda de participaci\u00f3n p\u00fablica de las CSO<\/strong><\/p>\n<p>El 27 de julio de 2023, el Departamento emiti\u00f3 un documento preliminar de orientaci\u00f3n para la participaci\u00f3n p\u00fablica de las CSO para recopilar comentarios del p\u00fablico interesado. Una reuni\u00f3n virtual con interesados tuvo lugar el mi\u00e9rcoles 19 de julio de 2023 a las 2pm, donde se recibieron comentarios orales. Tambi\u00e9n se recibieron comentarios por escrito hasta el 28 de julio de 2023. Se ha preparado un borrador revisado de la Gu\u00eda de Participaci\u00f3n P\u00fablica de las CSO papa el 1 de noviembre de 2023. Esta reuni\u00f3n discutir\u00e1 el documento revisado. Consulte a continuaci\u00f3n un enlace al documento revisado. La reuni\u00f3n del 28 de noviembre de 2023 a las 2 pm se llevar\u00e1 a cabo virtualmente a trav\u00e9s del software de videoconferencia del NJDEP (es decir, Microsoft Teams) en ingl\u00e9s y espa\u00f1ol. Se ha proporcionado un enlace\/n\u00famero de tel\u00e9fono a continuaci\u00f3n. <strong><u>NOTA:<\/u><\/strong> El siguiente enlace lo llevar\u00e1 a la reuni\u00f3n.[\/vc_column_text][vc_raw_html]JTNDZGl2JTIwYWxpZ24lM0QlMjJjZW50ZXIlMjIlM0UlM0NzdHJvbmclM0UlM0NiciUzRTI4JTIwZGUlMjBub3ZpZW1icmUlMjBkZSUyMDIwMjMlMjBSZXVuaSVDMyVCM24lMjBkZSUyMHBhcnRlcyUyMGludGVyZXNhZGFzJTNDJTJGc3Ryb25nJTNFJTNDYnIlM0UlMEElMDklMDklMDklMDklMDklMDklMDklMDklMDklMDklMDklMDklMDklMDlIb3JhJTIwZGUlMjBJbmljaW8lM0ElMjAxNCUzQTAwJTIwaCUzQ2JyJTNFJTBBJTA5JTA5JTA5JTA5JTA5JTA5JTA5JTA5JTA5JTA5JTA5JTA5JTA5JTA5SG9yYSUyMGRlJTIwRmluYWxpemFjaSVDMyVCM24lM0ElMjAxNiUzQTAwJTIwaCUzQ2JyJTNFJTNDYnIlM0UlMEElMjAlMjAlMjAlMjAlMjAlMjAlMDklMDklMDklMDklMDklMDklMDklM0NidXR0b24lMjBvbmNsaWNrJTNEJTIyd2luZG93LmxvY2F0aW9uLmhyZWYlMjAlM0QlMjAlMjdodHRwcyUzQSUyRiUyRnRlYW1zLm1pY3Jvc29mdC5jb20lMkZsJTJGbWVldHVwLWpvaW4lMkYxOSUyNTNhbWVldGluZ19OREJtTW1Kak9HVXRObUV3TlMwME16TXhMVGd4TmpNdE5ETmpOakF3TkdSaU56UmslMjU0MHRocmVhZC52MiUyRjAlM0Zjb250ZXh0JTNEJTI1N2IlMjUyMlRpZCUyNTIyJTI1M2ElMjUyMjUwNzZjM2QxLTM4MDItNGI5Zi1iMzZhLWUwYTQxYmQ2NDJhNyUyNTIyJTI1MmMlMjUyMk9pZCUyNTIyJTI1M2ElMjUyMmJjMzBlZWM3LTQ3OTItNDJlZi04NWM3LTFiOGRjZDliZTczMSUyNTIyJTI1N2QlMjclMjIlM0UlM0NzdHJvbmclM0VVbmlyc2UlMjBhJTIwbGElMjBSZXVuaSVDMyVCM24lM0MlMkZzdHJvbmclM0UlM0MlMkZidXR0b24lM0UlMEElMDklMDklMDklMDklMDklMDklMDklMDklM0NiciUzRSUwQSUwOSUwOSUwOSUwOSUwOSUwOSUwOSUwOSUzQ2JyJTNFJTBBJTA5JTA5JTA5JTA5JTA5JTA5JTA5JTA5JTNDc3Ryb25nJTNFSUQlMjBkZSUyMFJldW5pJUMzJUIzbiUzQSUzQyUyRnN0cm9uZyUzRSUyMDI3MSUyMDk4NCUyMDMzNCUyMDc5NSUzQ2JyJTNFJTIwJTBBJTA5JTA5JTA5JTA5JTA5JTA5JTA5JTA5JTNDc3Ryb25nJTNFQyVDMyVCM2RpZ28lMjBkZSUyMEFjY2VzbyUzQSUzQyUyRnN0cm9uZyUzRSUyMExvbzJWeCUzQ2JyJTNFJTBBJTA5JTA5JTA5JTA5JTA5JTA5JTA5JTA5JTNDYnIlM0UlMEElMDklMDklMDklMDklMDklMDklMDklMDklM0NzdHJvbmclM0VPJTNDJTJGc3Ryb25nJTNFJTNDYnIlM0UlMEElMDklMDklMDklMDklMDklMDklMDklMDklM0NiciUzRSUwQSUwOSUwOSUwOSUwOSUwOSUwOSUwOSUwOSUzQ3N0cm9uZyUzRU4lQzMlQkFtZXJvJTIwZGUlMjBsbGFtYWRhJTNBJTNDJTJGc3Ryb25nJTNFJTIwODU2LTMzOC03MDc0JTIwJTNDYnIlM0UlMEElMDklMDklMDklMDklMDklMDklMDklMDklM0NzdHJvbmclM0VJRCUyMGRlJTIwbGElMjBjb25mZXJlbmNpYSUyMHRlbGVmJUMzJUIzbmljYSUzQSUzQyUyRnN0cm9uZyUzRSUyMDI2NCUyMDY2NSUyMDMxOCUyMyUzQ2JyJTNFJTBBJTA5JTIwJTIwJTA5JTA5JTA5JTA5JTA5JTA5JTA5JTNDJTJGZGl2JTNF[\/vc_raw_html][\/vc_column_inner][\/vc_row_inner][\/vc_column][\/vc_row][vc_row][vc_column][\/vc_column][\/vc_row]<\/p>\n","protected":false},"excerpt":{"rendered":"<p>[vc_row css=&#8221;.vc_custom_1682959692071{margin-top: 12pt !important;}&#8221;][vc_column][vc_column_text] Public Engagement [\/vc_column_text][\/vc_column][\/vc_row][vc_row][vc_column][breadcrumb-shortcode][vc_column_text] Stakeholder Engagement [\/vc_column_text][vc_column_text css=&#8221;&#8221;]CSO permittees are required to conduct a public engagement process to inform, educate and engage members of the community. The NJPDES CSO permits require active public outreach and engagement during the implementation and construction of the CSO LTCP projects. Through public engagement, the interested public [&hellip;]<\/p>\n","protected":false},"author":251,"featured_media":0,"parent":2190,"menu_order":0,"comment_status":"closed","ping_status":"closed","template":"fullwidth.php","meta":{"footnotes":""},"class_list":["post-4003","page","type-page","status-publish","hentry"],"_links":{"self":[{"href":"https:\/\/deptest.nj.gov\/dwq\/wp-json\/wp\/v2\/pages\/4003","targetHints":{"allow":["GET"]}}],"collection":[{"href":"https:\/\/deptest.nj.gov\/dwq\/wp-json\/wp\/v2\/pages"}],"about":[{"href":"https:\/\/deptest.nj.gov\/dwq\/wp-json\/wp\/v2\/types\/page"}],"author":[{"embeddable":true,"href":"https:\/\/deptest.nj.gov\/dwq\/wp-json\/wp\/v2\/users\/251"}],"replies":[{"embeddable":true,"href":"https:\/\/deptest.nj.gov\/dwq\/wp-json\/wp\/v2\/comments?post=4003"}],"version-history":[{"count":5,"href":"https:\/\/deptest.nj.gov\/dwq\/wp-json\/wp\/v2\/pages\/4003\/revisions"}],"predecessor-version":[{"id":9691,"href":"https:\/\/deptest.nj.gov\/dwq\/wp-json\/wp\/v2\/pages\/4003\/revisions\/9691"}],"up":[{"embeddable":true,"href":"https:\/\/deptest.nj.gov\/dwq\/wp-json\/wp\/v2\/pages\/2190"}],"wp:attachment":[{"href":"https:\/\/deptest.nj.gov\/dwq\/wp-json\/wp\/v2\/media?parent=4003"}],"curies":[{"name":"wp","href":"https:\/\/api.w.org\/{rel}","templated":true}]}}